 divisor of c and o?
49
Suppose -5*g + 275 = -905. Let u = g - 220. What is the greatest common factor of u and 144?
16
Let s be 384/(-36)*(-45)/40. What is the highest common divisor of 1671 and s?
3
Let j(h) = -5*h**2 - 3*h + 1. Let n be j(-2). Let o(s) = -s**3 - 13*s**2 - 8*s + 6. Let c be o(n). What is the greatest common factor of 198 and c?
22
Suppose -19*x + 4*i + 65 = -20*x, 2*x = -4*i - 114. Let h be (-1 + x)/(-5) - -4. What is the greatest common factor of 490 and h?
14
Let o(j) = -j**3 - 4*j**2 - 3*j + 3. Let d be o(-4). Suppose 9 = 7*c - 10*c. Let t be 130/c*(-18)/d. What is the highest common divisor of 39 and t?
13
Suppose -4*k + 3070 = -2*w, -w = k + 4*w - 740. What is the greatest common factor of k and 1836?
153
Let h = -10205 + 10502. Calculate the greatest common factor of 1881 and h.
99
Suppose -3*z = -776 + 56. Suppose 344*k + z = 346*k. Calculate the highest common factor of 150 and k.
30
Let v(w) = 31*w. Suppose -h = 4*z - 34 + 26, 0 = -4*h - 4*z + 20. Let m be v(h). What is the greatest common factor of 31 and m?
31
Let y be 0 - 1014/(-10) - 6/15. Suppose 0 = -6*n - y + 827. Suppose m - 3*v - n = -0*v, 4*v - 156 = -m. What is the greatest common factor of 17 and m?
17
Let d(s) = 35*s**2 - 30*s + 40. Let b be d(14). What is the greatest common factor of b and 240?
240
Let l(v) be the third derivative of -v**4/3 - 103*v**3/6 + 25*v**2. Let f be l(-30). Let p = -103 + f. What is the highest common factor of 34 and p?
34
Let o = -101 + 99. Let v be o + -1 + -12*8/16. Let z be ((-18)/(-4))/v*-100. What is the highest common divisor of z and 25?
25
Suppose 552*l = 327*l + 29700. Calculate the highest common factor of l and 1419.
33
Let f be (-140)/(-65) - (-4)/(-26). Suppose -3*l - 214 = -f*p, -4*l + 3*p - 357 = l. Let x = l - -93. Calculate the greatest common divisor of 14 and x.
7
Let h be (63/14)/9 - 7614/(-4). Suppose 0*b + h = 14*b. What is the highest common factor of 8 and b?
8
Let s = -163 - -163. Suppose s = 63*m - 52*m - 286. What is the greatest common factor of m and 416?
26
Let d(t) = -2*t**3 - 3*t - 23. Let o be d(-3). Let s(p) = p**2 + 2*p. Let r be s(-3). Suppose -r*n + 25 = 2*n. What is the greatest common factor of n and o?
5
Suppose -3*x = -7 + 1. Suppose -72 = -x*v - 0*v. Let w = -1400 - -1448. What is the highest common divisor of w and v?
12
Suppose -2*l + 0*l = -12. Let p(u) = -2*u**3 + 3*u**2 + 104*u - 279. Let q be p(6). Calculate the highest common factor of q and l.
3
Let k be 3 - (3 + -1) - -87. What is the highest common factor of 1672 and k?
88
Suppose -w + 5*w + 2*q = 988, -2*q + 16 = 0. Calculate the greatest common factor of 567 and w.
81
Suppose 76*n + 119 - 3159 = 0. What is the greatest common factor of n and 1100?
20
Suppose 12*q + 0*q = 5*h - 585, 5*h - 500 = -5*q. What is the greatest common factor of 4795 and h?
35
Let j be 73 + (0 - -3) - 1. Let t = 95 - j. Let c = t - -10. What is the highest common factor of 45 and c?
15
Let y = -2416 - -2458. What is the greatest common factor of 2688 and y?
42
Let q be (-470)/20*(-72 - 4). What is the highest common factor of q and 188?
94
Suppose -3398 = -92*g - 2394 + 26964. Calculate the highest common factor of g and 208.
16
Let u = 19 + -7. Suppose -11*k + 1106 = -1270. Calculate the greatest common divisor of u and k.
12
Let g be (-7 - -6 - 0 - -5)*(209 + -1). Calculate the greatest common divisor of g and 39.
13
Suppose 25*m - 26*m = h - 76, 2*m - 2*h = 104. Let o(y) = y**2 - y. Let n be o(2). What is the highest common factor of n and m?
2
Let q = -18321 - -18640. What is the highest common divisor of 667 and q?
29
Suppose -199*y + 1086 = 3*f - 201*y, -4*y + 390 = f. Calculate the highest common factor of 5246 and f.
122
Suppose -192*a - 361 + 832 = -2793. Let y(u) = 220*u**3 - 3*u + 3*u + 2*u**2 - 1. Let h be y(1). Calculate the highest common divisor of a and h.
17
Let j = 23633 - 23477. Calculate the highest common divisor of j and 29640.
156
Let b = -332 - -442. Suppose 0 = -4*j + 3*u + 1971, -15*j - 1476 = -18*j + 3*u. What is the greatest common factor of j and b?
55
Let b = 24 - -7. Let p(m) = -m**3 + 7*m**2 - 2*m - 5. Let u be p(6). Let x = b - u. Calculate the highest common divisor of x and 60.
12
Suppose -g - 264 + 381 = 2*o, -353 = -3*g - 5*o. Calculate the highest common factor of 2 and g.
1
Suppose -917 - 919 = -5*p + 4*p. Calculate the highest common factor of p and 60.
12
Suppose 214 = 5*s + 34. Let v be (-6)/21 - ((-543)/(-1267) - 1354/14). Calculate the greatest common factor of s and v.
12
Let m be ((-215)/10 - -1)*1*2. Let v = m + 49. Suppose v*t - 495 = 3*t - 4*h, -4*t - h + 396 = 0. Calculate the greatest common factor of 11 and t.
11
Let p(b) = -2*b**3 + 15*b**2 - 23*b + 145. Let g be p(7). Suppose j - 2*i - 57 + 7 = 0, -5*j - 2*i + 214 = 0. Calculate the highest common divisor of j and g.
11
Suppose 3*i - 2*z = 136, 4*i + 763*z - 759*z - 108 = 0. Let u be 1/(-2*2/(-1216)). Calculate the highest common divisor of u and i.
38
Let j = 12 + -6. Let h = 89 + -70. Let i(f) = f**3 - 20*f**2 + 19*f + 6. Let t be i(h). Calculate the greatest common divisor of t and j.
6
Let i be 0 + 6 + (2 - 3). Let s(o) = -o**2 + 9*o. Let n be s(i). Suppose -1160*j - x = -1162*j + 101, 5*x = -5. Calculate the highest common factor of n and j.
10
Suppose 33*h = 38*h - 11875. Calculate the highest common factor of 55 and h.
5
Suppose -5*b + 2*d + 2692 = 0, b - 560 = 312*d - 317*d. Calculate the greatest common factor of 190 and b.
10
Let x be ((-6)/(-4))/(129/1462) - 6. Suppose 2 = -5*k + 7*k, -2*h - 4*k = -1038. Calculate the highest common divisor of h and x.
11
Let g be (-202)/2525 + (-119277)/(-25). What is the greatest common divisor of 13 and g?
13
Let m(f) = -57*f + 705. Let w be m(10). Suppose 8*x = 3*x + 4*h - 31, 0 = 4*x + h + 29. Let o = 34 + x. What is the highest common divisor of o and w?
27
Suppose -12 = -11*v + 7*v. Suppose 22*g = -v*g + 5950. Calculate the highest common divisor of 14 and g.
14
Let q(d) = -24*d + 31. Let z(n) = -8*n + 10. Let k(f) = 3*q(f) - 8*z(f). Let g be k(-5). Calculate the greatest common divisor of g and 212.
53
Let k(r) = 7*r + 59. Let x(s) = 12*s + 24. Let c be x(5). Suppose -22*y = -34*y - c. Let q be k(y). What is the highest common divisor of 90 and q?
10
Let w(g) = g**2 + 19*g + 39. Let k be w(-18). Suppose -k*r + 103 = v - 16*r, 0 = 4*r - 4. What is the greatest common factor of v and 441?
49
Let q = 13931 - 8504. What is the greatest common factor of 81 and q?
81
Let c be 290/(-6) + 50/(-30). Let d be (-6)/10 - (-11 - (-12480)/c). What is the greatest common factor of d and 13?
13
Let q be (-61)/(1098/36) + (-4 - -22*2). Let c(i) = 11*i**2 + i - 4. Let s be c(-3). Suppose s = -5*f + 377. What is the greatest common factor of q and f?
19
Let u be 37/3*(-1 - -52)/17. Calculate the highest common divisor of 185 and u.
37
Suppose 64*p + 4959 = 73*p. Suppose -p*q = -552*q + 3. What is the highest common divisor of q and 27?
3
Let k be ((-30)/6)/(1/(-75))*1. What is the highest common divisor of k and 225?
75
Suppose 1458 + 594 = 3*v + 5*t, -2*v + 4*t = -1390. What is the greatest common factor of 106 and v?
53
Suppose -3*n + 8561 = -5*x, 2*x - 75 = -65. Calculate the highest common factor of 54 and n.
54
Suppose -72*b + 105 = -57*b. Let v be 4/(-12) + 57/9. Suppose -v*i = -2*i - 448. What is the greatest common factor of i and b?
7
Let k = -5634 - -6059. What is the greatest common factor of 2040 and k?
85
Let j = 12 + -8. Suppose 0 = -2*k + j*k - 22. Let h = 27 - k. What is the highest common divisor of h and 128?
16
Let s be (-6)/7 + (-230736)/(-1064). What is the greatest common factor of s and 8?
8
Let c = 2684 - 2523. Calculate the greatest common divisor of 15617 and c.
161
Let l(y) = 2*y**2 + 243*y + 3387. Let z be l(-15). Calculate the greatest common factor of z and 128.
64
Suppose 5*b + 471 = 160*h - 158*h, -723 = -3*h + 2*b. Calculate the highest common factor of h and 1053.
81
Let q = 1088 + -983. Let l be (4/(-6))/1*-90. Suppose 2*r - 5*m - 26 = 4, 3*m - l = -4*r. What is the greatest common factor of r and q?
15
Let u(m) = 2*m**2 + 30*m - 9. Let l be u(-17). Let x = -2 + -42. Let w = l + x. Calculate the greatest common factor of 5 and w.
5
Let f(w) = -14 + 4 + 9 - 4*w. Let n be f